{"id":15,"date":"2023-07-23T14:14:37","date_gmt":"2023-07-23T14:14:37","guid":{"rendered":"https:\/\/leitezanetti.com.br\/site\/?page_id=15"},"modified":"2026-01-29T14:08:54","modified_gmt":"2026-01-29T14:08:54","slug":"home-page","status":"publish","type":"page","link":"https:\/\/leitezanetti.com.br\/","title":{"rendered":"Home Page"},"content":{"rendered":"\t\t<div data-elementor-type=\"wp-page\" data-elementor-id=\"15\" class=\"elementor elementor-15\">\n\t\t\t\t\t\t<section class=\"elementor-section elementor-top-section elementor-element elementor-element-24b5544 elementor-section-boxed elementor-section-height-default elementor-section-height-default\" data-id=\"24b5544\" data-element_type=\"section\" data-e-type=\"section\">\n\t\t\t\t\t\t<div class=\"elementor-container elementor-column-gap-default\">\n\t\t\t\t\t<div class=\"elementor-column elementor-col-50 elementor-top-column elementor-element elementor-element-7fbfcfc\" data-id=\"7fbfcfc\" data-element_type=\"column\" data-e-type=\"column\">\n\t\t\t<div class=\"elementor-widget-wrap elementor-element-populated\">\n\t\t\t\t\t\t<div class=\"elementor-element elementor-element-cc421a3 elementor-widget elementor-widget-video\" data-id=\"cc421a3\" data-element_type=\"widget\" data-e-type=\"widget\" data-settings=\"{&quot;video_type&quot;:&quot;hosted&quot;,&quot;autoplay&quot;:&quot;yes&quot;,&quot;mute&quot;:&quot;yes&quot;,&quot;loop&quot;:&quot;yes&quot;,&quot;controls&quot;:&quot;yes&quot;}\" data-widget_type=\"video.default\">\n\t\t\t\t<div class=\"elementor-widget-container\">\n\t\t\t\t\t\t\t<div class=\"e-hosted-video elementor-wrapper elementor-open-inline\">\n\t\t\t\t\t<video class=\"elementor-video\" src=\"https:\/\/panificadorapaodelicia.com.br\/assets\/img\/video_institucional.mp4\" autoplay=\"\" loop=\"\" controls=\"\" muted=\"muted\" controlsList=\"nodownload\"><\/video>\n\t\t\t\t<\/div>\n\t\t\t\t\t\t<\/div>\n\t\t\t\t<\/div>\n\t\t\t\t\t<\/div>\n\t\t<\/div>\n\t\t\t\t<div class=\"elementor-column elementor-col-50 elementor-top-column elementor-element elementor-element-03a8518\" data-id=\"03a8518\" data-element_type=\"column\" data-e-type=\"column\">\n\t\t\t<div class=\"elementor-widget-wrap elementor-element-populated\">\n\t\t\t\t\t\t<div class=\"elementor-element elementor-element-121a87b elementor-widget elementor-widget-text-editor\" data-id=\"121a87b\" data-element_type=\"widget\" data-e-type=\"widget\" data-widget_type=\"text-editor.default\">\n\t\t\t\t<div class=\"elementor-widget-container\">\n\t\t\t\t\t\t\t\t\t<h3><strong>Onde Encontro os Produtos Zanetti?\u00a0<\/strong><\/h3>\t\t\t\t\t\t\t\t<\/div>\n\t\t\t\t<\/div>\n\t\t\t\t<div class=\"elementor-element elementor-element-f68f480 elementor-widget elementor-widget-text-editor\" data-id=\"f68f480\" data-element_type=\"widget\" data-e-type=\"widget\" data-widget_type=\"text-editor.default\">\n\t\t\t\t<div class=\"elementor-widget-container\">\n\t\t\t\t\t\t\t\t\t<p><span style=\"color: var( --e-global-color-text ); font-family: var( --e-global-typography-text-font-family ), Sans-serif; font-weight: var( --e-global-typography-text-font-weight ); font-size: 1rem;\">A qualidade do melhor leite e seus derivados, voc\u00ea encontra nos melhores estabelecimentos da sua cidade.<\/span><br><\/p>\n<p>Padarias, supermercados, conveni\u00eancia, mercearias, minimercados, varej\u00f5es.<\/p>\n<p>Onde vende qualidade, tem Leite e Produtos Zanetti.<\/p>\n<p>Da nossa fam\u00edlia, pra sua fam\u00edlia<\/p>\t\t\t\t\t\t\t\t<\/div>\n\t\t\t\t<\/div>\n\t\t\t\t\t<\/div>\n\t\t<\/div>\n\t\t\t\t\t<\/div>\n\t\t<\/section>\n\t\t\t\t<section class=\"elementor-section elementor-top-section elementor-element elementor-element-45332cf elementor-section-boxed elementor-section-height-default elementor-section-height-default\" data-id=\"45332cf\" data-element_type=\"section\" data-e-type=\"section\">\n\t\t\t\t\t\t<div class=\"elementor-container elementor-column-gap-default\">\n\t\t\t\t\t<div class=\"elementor-column elementor-col-100 elementor-top-column elementor-element elementor-element-02e0e87\" data-id=\"02e0e87\" data-element_type=\"column\" data-e-type=\"column\">\n\t\t\t<div class=\"elementor-widget-wrap elementor-element-populated\">\n\t\t\t\t\t\t<div class=\"elementor-element elementor-element-13c9429 elementor-widget elementor-widget-image-carousel\" data-id=\"13c9429\" data-element_type=\"widget\" data-e-type=\"widget\" data-settings=\"{&quot;slides_to_show&quot;:&quot;6&quot;,&quot;navigation&quot;:&quot;none&quot;,&quot;autoplay_speed&quot;:0,&quot;speed&quot;:9000,&quot;autoplay&quot;:&quot;yes&quot;,&quot;infinite&quot;:&quot;yes&quot;,&quot;image_spacing_custom&quot;:{&quot;unit&quot;:&quot;px&quot;,&quot;size&quot;:20,&quot;sizes&quot;:[]},&quot;image_spacing_custom_tablet&quot;:{&quot;unit&quot;:&quot;px&quot;,&quot;size&quot;:&quot;&quot;,&quot;sizes&quot;:[]},&quot;image_spacing_custom_mobile&quot;:{&quot;unit&quot;:&quot;px&quot;,&quot;size&quot;:&quot;&quot;,&quot;sizes&quot;:[]}}\" data-widget_type=\"image-carousel.default\">\n\t\t\t\t<div class=\"elementor-widget-container\">\n\t\t\t\t\t\t\t<div class=\"elementor-image-carousel-wrapper swiper\" role=\"region\" aria-roledescription=\"carousel\" aria-label=\"Carrossel de imagens\" dir=\"rtl\">\n\t\t\t<div class=\"elementor-image-carousel swiper-wrapper\" aria-live=\"off\">\n\t\t\t\t\t\t\t\t<div class=\"swiper-slide\" role=\"group\" aria-roledescription=\"slide\" aria-label=\"1 de 7\"><figure class=\"swiper-slide-inner\"><img decoding=\"async\" class=\"swiper-slide-image\" src=\"http:\/\/leitezanetti.com.br\/wp-content\/uploads\/2023\/12\/20231205_150300-scaled-e1769438980985-300x300.jpg\" alt=\"20231205_150300\" \/><\/figure><\/div><div class=\"swiper-slide\" role=\"group\" aria-roledescription=\"slide\" aria-label=\"2 de 7\"><figure class=\"swiper-slide-inner\"><img decoding=\"async\" class=\"swiper-slide-image\" src=\"http:\/\/leitezanetti.com.br\/wp-content\/uploads\/2023\/12\/20231205_150338-e1769115606887-300x298.jpg\" alt=\"20231205_150338\" \/><\/figure><\/div><div class=\"swiper-slide\" role=\"group\" aria-roledescription=\"slide\" aria-label=\"3 de 7\"><figure class=\"swiper-slide-inner\"><img decoding=\"async\" class=\"swiper-slide-image\" src=\"http:\/\/leitezanetti.com.br\/wp-content\/uploads\/2023\/12\/20231205_140607-scaled-e1769448835960-300x296.jpg\" alt=\"20231205_140607\" \/><\/figure><\/div><div class=\"swiper-slide\" role=\"group\" aria-roledescription=\"slide\" aria-label=\"4 de 7\"><figure class=\"swiper-slide-inner\"><img decoding=\"async\" class=\"swiper-slide-image\" src=\"http:\/\/leitezanetti.com.br\/wp-content\/uploads\/2023\/07\/cropped-LOGO-ZANETTI-TRANSPARENTE-1-300x300.png\" alt=\"cropped-LOGO-ZANETTI-TRANSPARENTE-1.png\" \/><\/figure><\/div><div class=\"swiper-slide\" role=\"group\" aria-roledescription=\"slide\" aria-label=\"5 de 7\"><figure class=\"swiper-slide-inner\"><img decoding=\"async\" class=\"swiper-slide-image\" src=\"http:\/\/leitezanetti.com.br\/wp-content\/uploads\/2023\/12\/IMG-20231205-WA0087-e1769449080600-298x300.jpg\" alt=\"IMG-20231205-WA0087\" \/><\/figure><\/div><div class=\"swiper-slide\" role=\"group\" aria-roledescription=\"slide\" aria-label=\"6 de 7\"><figure class=\"swiper-slide-inner\"><img decoding=\"async\" class=\"swiper-slide-image\" src=\"http:\/\/leitezanetti.com.br\/wp-content\/uploads\/2023\/12\/20231205_144014-e1769449145353-300x300.jpg\" alt=\"20231205_144014\" \/><\/figure><\/div><div class=\"swiper-slide\" role=\"group\" aria-roledescription=\"slide\" aria-label=\"7 de 7\"><figure class=\"swiper-slide-inner\"><img decoding=\"async\" class=\"swiper-slide-image\" src=\"http:\/\/leitezanetti.com.br\/wp-content\/uploads\/2023\/12\/20231205_150608-e1769439048308-300x294.jpg\" alt=\"20231205_150608\" \/><\/figure><\/div>\t\t\t<\/div>\n\t\t\t\t\t\t\t\n\t\t\t\t\t\t\t\t\t<\/div>\n\t\t\t\t\t\t<\/div>\n\t\t\t\t<\/div>\n\t\t\t\t\t<\/div>\n\t\t<\/div>\n\t\t\t\t\t<\/div>\n\t\t<\/section>\n\t\t\t\t<section class=\"elementor-section elementor-top-section elementor-element elementor-element-03a93fe elementor-section-boxed elementor-section-height-default elementor-section-height-default\" data-id=\"03a93fe\" data-element_type=\"section\" data-e-type=\"section\">\n\t\t\t\t\t\t<div class=\"elementor-container elementor-column-gap-default\">\n\t\t\t\t\t<div class=\"elementor-column elementor-col-100 elementor-top-column elementor-element elementor-element-c5584eb\" data-id=\"c5584eb\" data-element_type=\"column\" data-e-type=\"column\">\n\t\t\t<div class=\"elementor-widget-wrap elementor-element-populated\">\n\t\t\t\t\t\t<div class=\"elementor-element elementor-element-fc6e43b gallery-spacing-custom elementor-widget__width-auto elementor-widget elementor-widget-image-gallery\" data-id=\"fc6e43b\" data-element_type=\"widget\" data-e-type=\"widget\" data-widget_type=\"image-gallery.default\">\n\t\t\t\t<div class=\"elementor-widget-container\">\n\t\t\t\t\t\t\t<div class=\"elementor-image-gallery\">\n\t\t\t<div id='gallery-1' class='gallery galleryid-15 gallery-columns-3 gallery-size-large'><figure class='gallery-item'>\n\t\t\t<div class='gallery-icon landscape'>\n\t\t\t\t<a data-elementor-open-lightbox=\"yes\" data-elementor-lightbox-slideshow=\"fc6e43b\" data-elementor-lightbox-title=\"20231205_152624\" data-e-action-hash=\"#elementor-action%3Aaction%3Dlightbox%26settings%3DeyJpZCI6NDc4LCJ1cmwiOiJodHRwOlwvXC9sZWl0ZXphbmV0dGkuY29tLmJyXC93cC1jb250ZW50XC91cGxvYWRzXC8yMDIzXC8xMlwvMjAyMzEyMDVfMTUyNjI0LXNjYWxlZC1lMTc2OTQ0ODQ3MzgxOS5qcGciLCJzbGlkZXNob3ciOiJmYzZlNDNiIn0%3D\" href='http:\/\/leitezanetti.com.br\/wp-content\/uploads\/2023\/12\/20231205_152624-scaled-e1769448473819.jpg'><img fetchpriority=\"high\" decoding=\"async\" width=\"800\" height=\"795\" src=\"http:\/\/leitezanetti.com.br\/wp-content\/uploads\/2023\/12\/20231205_152624-scaled-e1769448473819-1024x1018.jpg\" class=\"attachment-large size-large\" alt=\"\" srcset=\"http:\/\/leitezanetti.com.br\/wp-content\/uploads\/2023\/12\/20231205_152624-scaled-e1769448473819-1024x1018.jpg 1024w, http:\/\/leitezanetti.com.br\/wp-content\/uploads\/2023\/12\/20231205_152624-scaled-e1769448473819-300x298.jpg 300w, http:\/\/leitezanetti.com.br\/wp-content\/uploads\/2023\/12\/20231205_152624-scaled-e1769448473819-150x150.jpg 150w, http:\/\/leitezanetti.com.br\/wp-content\/uploads\/2023\/12\/20231205_152624-scaled-e1769448473819-768x763.jpg 768w, http:\/\/leitezanetti.com.br\/wp-content\/uploads\/2023\/12\/20231205_152624-scaled-e1769448473819.jpg 1450w\" sizes=\"(max-width: 800px) 100vw, 800px\" \/><\/a>\n\t\t\t<\/div><\/figure><figure class='gallery-item'>\n\t\t\t<div class='gallery-icon landscape'>\n\t\t\t\t<a data-elementor-open-lightbox=\"yes\" data-elementor-lightbox-slideshow=\"fc6e43b\" data-elementor-lightbox-title=\"20231205_150608\" data-e-action-hash=\"#elementor-action%3Aaction%3Dlightbox%26settings%3DeyJpZCI6NDY1LCJ1cmwiOiJodHRwOlwvXC9sZWl0ZXphbmV0dGkuY29tLmJyXC93cC1jb250ZW50XC91cGxvYWRzXC8yMDIzXC8xMlwvMjAyMzEyMDVfMTUwNjA4LWUxNzY5NDM5MDQ4MzA4LmpwZyIsInNsaWRlc2hvdyI6ImZjNmU0M2IifQ%3D%3D\" href='http:\/\/leitezanetti.com.br\/wp-content\/uploads\/2023\/12\/20231205_150608-e1769439048308.jpg'><img decoding=\"async\" width=\"408\" height=\"400\" src=\"http:\/\/leitezanetti.com.br\/wp-content\/uploads\/2023\/12\/20231205_150608-e1769439048308.jpg\" class=\"attachment-large size-large\" alt=\"\" srcset=\"http:\/\/leitezanetti.com.br\/wp-content\/uploads\/2023\/12\/20231205_150608-e1769439048308.jpg 408w, http:\/\/leitezanetti.com.br\/wp-content\/uploads\/2023\/12\/20231205_150608-e1769439048308-300x294.jpg 300w\" sizes=\"(max-width: 408px) 100vw, 408px\" \/><\/a>\n\t\t\t<\/div><\/figure><figure class='gallery-item'>\n\t\t\t<div class='gallery-icon landscape'>\n\t\t\t\t<a data-elementor-open-lightbox=\"yes\" data-elementor-lightbox-slideshow=\"fc6e43b\" data-elementor-lightbox-title=\"20231205_150409\" data-e-action-hash=\"#elementor-action%3Aaction%3Dlightbox%26settings%3DeyJpZCI6NDY0LCJ1cmwiOiJodHRwOlwvXC9sZWl0ZXphbmV0dGkuY29tLmJyXC93cC1jb250ZW50XC91cGxvYWRzXC8yMDIzXC8xMlwvMjAyMzEyMDVfMTUwNDA5LWUxNzY5NDM5MjIwMzQ1LmpwZyIsInNsaWRlc2hvdyI6ImZjNmU0M2IifQ%3D%3D\" href='http:\/\/leitezanetti.com.br\/wp-content\/uploads\/2023\/12\/20231205_150409-e1769439220345.jpg'><img decoding=\"async\" width=\"407\" height=\"406\" src=\"http:\/\/leitezanetti.com.br\/wp-content\/uploads\/2023\/12\/20231205_150409-e1769439220345.jpg\" class=\"attachment-large size-large\" alt=\"\" srcset=\"http:\/\/leitezanetti.com.br\/wp-content\/uploads\/2023\/12\/20231205_150409-e1769439220345.jpg 407w, http:\/\/leitezanetti.com.br\/wp-content\/uploads\/2023\/12\/20231205_150409-e1769439220345-300x300.jpg 300w, http:\/\/leitezanetti.com.br\/wp-content\/uploads\/2023\/12\/20231205_150409-e1769439220345-150x150.jpg 150w\" sizes=\"(max-width: 407px) 100vw, 407px\" \/><\/a>\n\t\t\t<\/div><\/figure><figure class='gallery-item'>\n\t\t\t<div class='gallery-icon portrait'>\n\t\t\t\t<a data-elementor-open-lightbox=\"yes\" data-elementor-lightbox-slideshow=\"fc6e43b\" data-elementor-lightbox-title=\"20231205_143653\" data-e-action-hash=\"#elementor-action%3Aaction%3Dlightbox%26settings%3DeyJpZCI6NDc3LCJ1cmwiOiJodHRwOlwvXC9sZWl0ZXphbmV0dGkuY29tLmJyXC93cC1jb250ZW50XC91cGxvYWRzXC8yMDIzXC8xMlwvMjAyMzEyMDVfMTQzNjUzLWUxNzY5NDM5MjczNzM3LmpwZyIsInNsaWRlc2hvdyI6ImZjNmU0M2IifQ%3D%3D\" href='http:\/\/leitezanetti.com.br\/wp-content\/uploads\/2023\/12\/20231205_143653-e1769439273737.jpg'><img loading=\"lazy\" decoding=\"async\" width=\"800\" height=\"806\" src=\"http:\/\/leitezanetti.com.br\/wp-content\/uploads\/2023\/12\/20231205_143653-e1769439273737-1016x1024.jpg\" class=\"attachment-large size-large\" alt=\"\" srcset=\"http:\/\/leitezanetti.com.br\/wp-content\/uploads\/2023\/12\/20231205_143653-e1769439273737-1016x1024.jpg 1016w, http:\/\/leitezanetti.com.br\/wp-content\/uploads\/2023\/12\/20231205_143653-e1769439273737-298x300.jpg 298w, http:\/\/leitezanetti.com.br\/wp-content\/uploads\/2023\/12\/20231205_143653-e1769439273737-150x150.jpg 150w, http:\/\/leitezanetti.com.br\/wp-content\/uploads\/2023\/12\/20231205_143653-e1769439273737-768x774.jpg 768w, http:\/\/leitezanetti.com.br\/wp-content\/uploads\/2023\/12\/20231205_143653-e1769439273737.jpg 1435w\" sizes=\"(max-width: 800px) 100vw, 800px\" \/><\/a>\n\t\t\t<\/div><\/figure><figure class='gallery-item'>\n\t\t\t<div class='gallery-icon landscape'>\n\t\t\t\t<a data-elementor-open-lightbox=\"yes\" data-elementor-lightbox-slideshow=\"fc6e43b\" data-elementor-lightbox-title=\"20231205_150357\" data-e-action-hash=\"#elementor-action%3Aaction%3Dlightbox%26settings%3DeyJpZCI6NDYzLCJ1cmwiOiJodHRwOlwvXC9sZWl0ZXphbmV0dGkuY29tLmJyXC93cC1jb250ZW50XC91cGxvYWRzXC8yMDIzXC8xMlwvMjAyMzEyMDVfMTUwMzU3LWUxNzY5NDM5MzA3ODU5LmpwZyIsInNsaWRlc2hvdyI6ImZjNmU0M2IifQ%3D%3D\" href='http:\/\/leitezanetti.com.br\/wp-content\/uploads\/2023\/12\/20231205_150357-e1769439307859.jpg'><img loading=\"lazy\" decoding=\"async\" width=\"415\" height=\"398\" src=\"http:\/\/leitezanetti.com.br\/wp-content\/uploads\/2023\/12\/20231205_150357-e1769439307859.jpg\" class=\"attachment-large size-large\" alt=\"\" srcset=\"http:\/\/leitezanetti.com.br\/wp-content\/uploads\/2023\/12\/20231205_150357-e1769439307859.jpg 415w, http:\/\/leitezanetti.com.br\/wp-content\/uploads\/2023\/12\/20231205_150357-e1769439307859-300x288.jpg 300w\" sizes=\"(max-width: 415px) 100vw, 415px\" \/><\/a>\n\t\t\t<\/div><\/figure><figure class='gallery-item'>\n\t\t\t<div class='gallery-icon landscape'>\n\t\t\t\t<a data-elementor-open-lightbox=\"yes\" data-elementor-lightbox-slideshow=\"fc6e43b\" data-elementor-lightbox-title=\"20231205_150351\" data-e-action-hash=\"#elementor-action%3Aaction%3Dlightbox%26settings%3DeyJpZCI6NDYyLCJ1cmwiOiJodHRwOlwvXC9sZWl0ZXphbmV0dGkuY29tLmJyXC93cC1jb250ZW50XC91cGxvYWRzXC8yMDIzXC8xMlwvMjAyMzEyMDVfMTUwMzUxLWUxNzY5NDM5MzMwNDQyLmpwZyIsInNsaWRlc2hvdyI6ImZjNmU0M2IifQ%3D%3D\" href='http:\/\/leitezanetti.com.br\/wp-content\/uploads\/2023\/12\/20231205_150351-e1769439330442.jpg'><img loading=\"lazy\" decoding=\"async\" width=\"397\" height=\"389\" src=\"http:\/\/leitezanetti.com.br\/wp-content\/uploads\/2023\/12\/20231205_150351-e1769439330442.jpg\" class=\"attachment-large size-large\" alt=\"\" srcset=\"http:\/\/leitezanetti.com.br\/wp-content\/uploads\/2023\/12\/20231205_150351-e1769439330442.jpg 397w, http:\/\/leitezanetti.com.br\/wp-content\/uploads\/2023\/12\/20231205_150351-e1769439330442-300x294.jpg 300w\" sizes=\"(max-width: 397px) 100vw, 397px\" \/><\/a>\n\t\t\t<\/div><\/figure><figure class='gallery-item'>\n\t\t\t<div class='gallery-icon landscape'>\n\t\t\t\t<a data-elementor-open-lightbox=\"yes\" data-elementor-lightbox-slideshow=\"fc6e43b\" data-elementor-lightbox-title=\"20231205_150342\" data-e-action-hash=\"#elementor-action%3Aaction%3Dlightbox%26settings%3DeyJpZCI6NDYxLCJ1cmwiOiJodHRwOlwvXC9sZWl0ZXphbmV0dGkuY29tLmJyXC93cC1jb250ZW50XC91cGxvYWRzXC8yMDIzXC8xMlwvMjAyMzEyMDVfMTUwMzQyLWUxNzY5NDM5NDI4ODA1LmpwZyIsInNsaWRlc2hvdyI6ImZjNmU0M2IifQ%3D%3D\" href='http:\/\/leitezanetti.com.br\/wp-content\/uploads\/2023\/12\/20231205_150342-e1769439428805.jpg'><img loading=\"lazy\" decoding=\"async\" width=\"400\" height=\"400\" src=\"http:\/\/leitezanetti.com.br\/wp-content\/uploads\/2023\/12\/20231205_150342-e1769439428805.jpg\" class=\"attachment-large size-large\" alt=\"\" srcset=\"http:\/\/leitezanetti.com.br\/wp-content\/uploads\/2023\/12\/20231205_150342-e1769439428805.jpg 400w, http:\/\/leitezanetti.com.br\/wp-content\/uploads\/2023\/12\/20231205_150342-e1769439428805-300x300.jpg 300w, http:\/\/leitezanetti.com.br\/wp-content\/uploads\/2023\/12\/20231205_150342-e1769439428805-150x150.jpg 150w\" sizes=\"(max-width: 400px) 100vw, 400px\" \/><\/a>\n\t\t\t<\/div><\/figure><figure class='gallery-item'>\n\t\t\t<div class='gallery-icon landscape'>\n\t\t\t\t<a data-elementor-open-lightbox=\"yes\" data-elementor-lightbox-slideshow=\"fc6e43b\" data-elementor-lightbox-title=\"20231205_150338\" data-e-action-hash=\"#elementor-action%3Aaction%3Dlightbox%26settings%3DeyJpZCI6NDYwLCJ1cmwiOiJodHRwOlwvXC9sZWl0ZXphbmV0dGkuY29tLmJyXC93cC1jb250ZW50XC91cGxvYWRzXC8yMDIzXC8xMlwvMjAyMzEyMDVfMTUwMzM4LWUxNzY5MTE1NjA2ODg3LmpwZyIsInNsaWRlc2hvdyI6ImZjNmU0M2IifQ%3D%3D\" href='http:\/\/leitezanetti.com.br\/wp-content\/uploads\/2023\/12\/20231205_150338-e1769115606887.jpg'><img loading=\"lazy\" decoding=\"async\" width=\"403\" height=\"400\" src=\"http:\/\/leitezanetti.com.br\/wp-content\/uploads\/2023\/12\/20231205_150338-e1769115606887.jpg\" class=\"attachment-large size-large\" alt=\"\" srcset=\"http:\/\/leitezanetti.com.br\/wp-content\/uploads\/2023\/12\/20231205_150338-e1769115606887.jpg 403w, http:\/\/leitezanetti.com.br\/wp-content\/uploads\/2023\/12\/20231205_150338-e1769115606887-300x298.jpg 300w, http:\/\/leitezanetti.com.br\/wp-content\/uploads\/2023\/12\/20231205_150338-e1769115606887-150x150.jpg 150w\" sizes=\"(max-width: 403px) 100vw, 403px\" \/><\/a>\n\t\t\t<\/div><\/figure><figure class='gallery-item'>\n\t\t\t<div class='gallery-icon landscape'>\n\t\t\t\t<a data-elementor-open-lightbox=\"yes\" data-elementor-lightbox-slideshow=\"fc6e43b\" data-elementor-lightbox-title=\"20231205_150300\" data-e-action-hash=\"#elementor-action%3Aaction%3Dlightbox%26settings%3DeyJpZCI6NDU2LCJ1cmwiOiJodHRwOlwvXC9sZWl0ZXphbmV0dGkuY29tLmJyXC93cC1jb250ZW50XC91cGxvYWRzXC8yMDIzXC8xMlwvMjAyMzEyMDVfMTUwMzAwLXNjYWxlZC1lMTc2OTQzODk4MDk4NS5qcGciLCJzbGlkZXNob3ciOiJmYzZlNDNiIn0%3D\" href='http:\/\/leitezanetti.com.br\/wp-content\/uploads\/2023\/12\/20231205_150300-scaled-e1769438980985.jpg'><img loading=\"lazy\" decoding=\"async\" width=\"800\" height=\"800\" src=\"http:\/\/leitezanetti.com.br\/wp-content\/uploads\/2023\/12\/20231205_150300-scaled-e1769438980985-1024x1024.jpg\" class=\"attachment-large size-large\" alt=\"\" srcset=\"http:\/\/leitezanetti.com.br\/wp-content\/uploads\/2023\/12\/20231205_150300-scaled-e1769438980985-1024x1024.jpg 1024w, http:\/\/leitezanetti.com.br\/wp-content\/uploads\/2023\/12\/20231205_150300-scaled-e1769438980985-300x300.jpg 300w, http:\/\/leitezanetti.com.br\/wp-content\/uploads\/2023\/12\/20231205_150300-scaled-e1769438980985-150x150.jpg 150w, http:\/\/leitezanetti.com.br\/wp-content\/uploads\/2023\/12\/20231205_150300-scaled-e1769438980985-768x767.jpg 768w, http:\/\/leitezanetti.com.br\/wp-content\/uploads\/2023\/12\/20231205_150300-scaled-e1769438980985.jpg 1434w\" sizes=\"(max-width: 800px) 100vw, 800px\" \/><\/a>\n\t\t\t<\/div><\/figure><figure class='gallery-item'>\n\t\t\t<div class='gallery-icon landscape'>\n\t\t\t\t<a data-elementor-open-lightbox=\"yes\" data-elementor-lightbox-slideshow=\"fc6e43b\" data-elementor-lightbox-title=\"20231205_140607\" data-e-action-hash=\"#elementor-action%3Aaction%3Dlightbox%26settings%3DeyJpZCI6NDc2LCJ1cmwiOiJodHRwOlwvXC9sZWl0ZXphbmV0dGkuY29tLmJyXC93cC1jb250ZW50XC91cGxvYWRzXC8yMDIzXC8xMlwvMjAyMzEyMDVfMTQwNjA3LXNjYWxlZC1lMTc2OTQ0ODgzNTk2MC5qcGciLCJzbGlkZXNob3ciOiJmYzZlNDNiIn0%3D\" href='http:\/\/leitezanetti.com.br\/wp-content\/uploads\/2023\/12\/20231205_140607-scaled-e1769448835960.jpg'><img loading=\"lazy\" decoding=\"async\" width=\"800\" height=\"790\" src=\"http:\/\/leitezanetti.com.br\/wp-content\/uploads\/2023\/12\/20231205_140607-scaled-e1769448835960-1024x1011.jpg\" class=\"attachment-large size-large\" alt=\"\" srcset=\"http:\/\/leitezanetti.com.br\/wp-content\/uploads\/2023\/12\/20231205_140607-scaled-e1769448835960-1024x1011.jpg 1024w, http:\/\/leitezanetti.com.br\/wp-content\/uploads\/2023\/12\/20231205_140607-scaled-e1769448835960-300x296.jpg 300w, http:\/\/leitezanetti.com.br\/wp-content\/uploads\/2023\/12\/20231205_140607-scaled-e1769448835960-768x758.jpg 768w, http:\/\/leitezanetti.com.br\/wp-content\/uploads\/2023\/12\/20231205_140607-scaled-e1769448835960.jpg 1455w\" sizes=\"(max-width: 800px) 100vw, 800px\" \/><\/a>\n\t\t\t<\/div><\/figure><figure class='gallery-item'>\n\t\t\t<div class='gallery-icon landscape'>\n\t\t\t\t<a data-elementor-open-lightbox=\"yes\" data-elementor-lightbox-slideshow=\"fc6e43b\" data-elementor-lightbox-title=\"20231205_144014\" data-e-action-hash=\"#elementor-action%3Aaction%3Dlightbox%26settings%3DeyJpZCI6NDUyLCJ1cmwiOiJodHRwOlwvXC9sZWl0ZXphbmV0dGkuY29tLmJyXC93cC1jb250ZW50XC91cGxvYWRzXC8yMDIzXC8xMlwvMjAyMzEyMDVfMTQ0MDE0LWUxNzY5NDQ5MTQ1MzUzLmpwZyIsInNsaWRlc2hvdyI6ImZjNmU0M2IifQ%3D%3D\" href='http:\/\/leitezanetti.com.br\/wp-content\/uploads\/2023\/12\/20231205_144014-e1769449145353.jpg'><img loading=\"lazy\" decoding=\"async\" width=\"800\" height=\"880\" src=\"http:\/\/leitezanetti.com.br\/wp-content\/uploads\/2023\/12\/20231205_144014-931x1024.jpg\" class=\"attachment-large size-large\" alt=\"\" srcset=\"http:\/\/leitezanetti.com.br\/wp-content\/uploads\/2023\/12\/20231205_144014-931x1024.jpg 931w, http:\/\/leitezanetti.com.br\/wp-content\/uploads\/2023\/12\/20231205_144014-768x844.jpg 768w, http:\/\/leitezanetti.com.br\/wp-content\/uploads\/2023\/12\/20231205_144014-1397x1536.jpg 1397w, http:\/\/leitezanetti.com.br\/wp-content\/uploads\/2023\/12\/20231205_144014-1863x2048.jpg 1863w\" sizes=\"(max-width: 800px) 100vw, 800px\" \/><\/a>\n\t\t\t<\/div><\/figure><figure class='gallery-item'>\n\t\t\t<div class='gallery-icon portrait'>\n\t\t\t\t<a data-elementor-open-lightbox=\"yes\" data-elementor-lightbox-slideshow=\"fc6e43b\" data-elementor-lightbox-title=\"IMG-20231205-WA0087\" data-e-action-hash=\"#elementor-action%3Aaction%3Dlightbox%26settings%3DeyJpZCI6NDUzLCJ1cmwiOiJodHRwOlwvXC9sZWl0ZXphbmV0dGkuY29tLmJyXC93cC1jb250ZW50XC91cGxvYWRzXC8yMDIzXC8xMlwvSU1HLTIwMjMxMjA1LVdBMDA4Ny1lMTc2OTQ0OTA4MDYwMC5qcGciLCJzbGlkZXNob3ciOiJmYzZlNDNiIn0%3D\" href='http:\/\/leitezanetti.com.br\/wp-content\/uploads\/2023\/12\/IMG-20231205-WA0087-e1769449080600.jpg'><img loading=\"lazy\" decoding=\"async\" width=\"800\" height=\"600\" src=\"http:\/\/leitezanetti.com.br\/wp-content\/uploads\/2023\/12\/IMG-20231205-WA0087-1024x768.jpg\" class=\"attachment-large size-large\" alt=\"\" \/><\/a>\n\t\t\t<\/div><\/figure><figure class='gallery-item'>\n\t\t\t<div class='gallery-icon landscape'>\n\t\t\t\t<a data-elementor-open-lightbox=\"yes\" data-elementor-lightbox-slideshow=\"fc6e43b\" data-elementor-lightbox-title=\"WhatsApp Image 2023-08-04 at 17.40.08\" data-e-action-hash=\"#elementor-action%3Aaction%3Dlightbox%26settings%3DeyJpZCI6NDI0LCJ1cmwiOiJodHRwOlwvXC9sZWl0ZXphbmV0dGkuY29tLmJyXC93cC1jb250ZW50XC91cGxvYWRzXC8yMDIzXC8wOFwvV2hhdHNBcHAtSW1hZ2UtMjAyMy0wOC0wNC1hdC0xNy40MC4wOC1lMTc2OTQ0OTAzNTI4Ny5qcGVnIiwic2xpZGVzaG93IjoiZmM2ZTQzYiJ9\" href='http:\/\/leitezanetti.com.br\/wp-content\/uploads\/2023\/08\/WhatsApp-Image-2023-08-04-at-17.40.08-e1769449035287.jpeg'><img loading=\"lazy\" decoding=\"async\" width=\"800\" height=\"408\" src=\"http:\/\/leitezanetti.com.br\/wp-content\/uploads\/2023\/08\/WhatsApp-Image-2023-08-04-at-17.40.08-e1769449035287-1024x522.jpeg\" class=\"attachment-large size-large\" alt=\"\" srcset=\"http:\/\/leitezanetti.com.br\/wp-content\/uploads\/2023\/08\/WhatsApp-Image-2023-08-04-at-17.40.08-e1769449035287-1024x522.jpeg 1024w, http:\/\/leitezanetti.com.br\/wp-content\/uploads\/2023\/08\/WhatsApp-Image-2023-08-04-at-17.40.08-e1769449035287-300x153.jpeg 300w, http:\/\/leitezanetti.com.br\/wp-content\/uploads\/2023\/08\/WhatsApp-Image-2023-08-04-at-17.40.08-e1769449035287-768x391.jpeg 768w, http:\/\/leitezanetti.com.br\/wp-content\/uploads\/2023\/08\/WhatsApp-Image-2023-08-04-at-17.40.08-e1769449035287.jpeg 1413w\" sizes=\"(max-width: 800px) 100vw, 800px\" \/><\/a>\n\t\t\t<\/div><\/figure>\n\t\t<\/div>\n\t\t<\/div>\n\t\t\t\t\t\t<\/div>\n\t\t\t\t<\/div>\n\t\t\t\t\t<\/div>\n\t\t<\/div>\n\t\t\t\t\t<\/div>\n\t\t<\/section>\n\t\t\t\t<\/div>\n\t\t","protected":false},"excerpt":{"rendered":"<p>https:\/\/panificadorapaodelicia.com.br\/assets\/img\/video_institucional.mp4 Onde Encontro os Produtos Zanetti?\u00a0 A qualidade do melhor leite e seus derivados, voc\u00ea encontra nos melhores estabelecimentos da sua cidade. Padarias, supermercados, conveni\u00eancia, mercearias, minimercados, varej\u00f5es. Onde vende qualidade, tem Leite e Produtos Zanetti. Da nossa fam\u00edlia, pra sua fam\u00edlia<\/p>\n","protected":false},"author":3,"featured_media":0,"parent":0,"menu_order":0,"comment_status":"closed","ping_status":"closed","template":"elementor_header_footer","meta":{"footnotes":""},"class_list":["post-15","page","type-page","status-publish","hentry"],"_links":{"self":[{"href":"https:\/\/leitezanetti.com.br\/index.php?rest_route=\/wp\/v2\/pages\/15","targetHints":{"allow":["GET"]}}],"collection":[{"href":"https:\/\/leitezanetti.com.br\/index.php?rest_route=\/wp\/v2\/pages"}],"about":[{"href":"https:\/\/leitezanetti.com.br\/index.php?rest_route=\/wp\/v2\/types\/page"}],"author":[{"embeddable":true,"href":"https:\/\/leitezanetti.com.br\/index.php?rest_route=\/wp\/v2\/users\/3"}],"replies":[{"embeddable":true,"href":"https:\/\/leitezanetti.com.br\/index.php?rest_route=%2Fwp%2Fv2%2Fcomments&post=15"}],"version-history":[{"count":151,"href":"https:\/\/leitezanetti.com.br\/index.php?rest_route=\/wp\/v2\/pages\/15\/revisions"}],"predecessor-version":[{"id":806,"href":"https:\/\/leitezanetti.com.br\/index.php?rest_route=\/wp\/v2\/pages\/15\/revisions\/806"}],"wp:attachment":[{"href":"https:\/\/leitezanetti.com.br\/index.php?rest_route=%2Fwp%2Fv2%2Fmedia&parent=15"}],"curies":[{"name":"wp","href":"https:\/\/api.w.org\/{rel}","templated":true}]}}